{"id":78,"date":"2021-10-09T19:42:47","date_gmt":"2021-10-09T17:42:47","guid":{"rendered":"https:\/\/zabawaztpm.pl\/?page_id=78"},"modified":"2026-04-12T07:22:34","modified_gmt":"2026-04-12T05:22:34","slug":"podcasts-tpm","status":"publish","type":"page","link":"https:\/\/zabawaztpm.pl\/index.php\/podcasts-tpm\/","title":{"rendered":"TPM"},"content":{"rendered":"<div class=\"et_pb_section_0 et_pb_section et_section_regular et_block_section\">\n<div class=\"et_pb_row_0 et_pb_row et_block_row\">\n<div class=\"et_pb_column_0 et_pb_column et_pb_column_4_4 et-last-child et_block_column et_pb_css_mix_blend_mode_passthrough\">\n<div class=\"et_pb_divider_0 et_pb_divider et_pb_space et_pb_divider_position_top et_pb_module\"><div class=\"et_pb_divider_internal\"><\/div><\/div>\n\n<div class=\"et_pb_text_0 et_pb_text et_pb_bg_layout_light et_pb_module et_block_module\"><\/div>\n\n<div class=\"et_pb_text_1 et_pb_text et_pb_bg_layout_light et_pb_module et_block_module\"><div class=\"et_pb_text_inner\"><p>total productive maintenance<\/p>\n<\/div><\/div>\n<\/div>\n<\/div>\n<\/div>\n\n<div class=\"et_pb_section_1 et_pb_section et_section_regular et_flex_section\">\n<div class=\"et_pb_row_1 et_pb_row et_flex_row\">\n<div class=\"et_pb_column_1 et_pb_column et-last-child et_flex_column et_pb_css_mix_blend_mode_passthrough et_flex_column_24_24 et_flex_column_24_24_tablet et_flex_column_24_24_phone\">\n<div class=\"et_pb_blog_0 et_pb_blog et_pb_bg_layout_light et_pb_text_align_left et_pb_posts et_animated et_pb_module\"><div class=\"et_pb_ajax_pagination_container\"><div class=\"et_pb_posts et_grid_module\"><article class=\"et_pb_post et_pb_post_id_232471 clearfix et_pb_blog_item_0_0 post-232471 post type-post status-publish format-standard has-post-thumbnail hentry category-tpm tag-zabawaztpm\"><div class=\"et_pb_image_container\"><a href=\"https:\/\/zabawaztpm.pl\/index.php\/2026\/03\/07\/czym-rozni-sie-klasyczne-utrzymanie-ruchu-od-podejscia-total-productive-maintenance\/\" class=\"entry-featured-image-url\"><img loading=\"lazy\" decoding=\"async\" src=\"https:\/\/i0.wp.com\/zabawaztpm.pl\/wp-content\/uploads\/2026\/03\/09b3002d-79a0-4c94-bd72-2aac212dd64c-3.png?fit=1536%2C1024&#038;ssl=1\" width=\"400\" height=\"284\" alt=\"[1] Czym r\u00f3\u017cni si\u0119 klasyczne utrzymanie ruchu od podej\u015bcia Total Productive Maintenance\" class=\"\" srcset=\"https:\/\/i0.wp.com\/zabawaztpm.pl\/wp-content\/uploads\/2026\/03\/09b3002d-79a0-4c94-bd72-2aac212dd64c-3.png?fit=1536%2C1024&amp;ssl=1 479w, https:\/\/i0.wp.com\/zabawaztpm.pl\/wp-content\/uploads\/2026\/03\/09b3002d-79a0-4c94-bd72-2aac212dd64c-3.png?resize=400%2C284&amp;ssl=1 480w\" sizes=\"(max-width:479px) 479px, 100vw\" \/><span data-icon=\"\ue050\" class=\"et_overlay et_pb_inline_icon\"><\/span><\/a><\/div><h2 class=\"entry-title\"><a href=\"https:\/\/zabawaztpm.pl\/index.php\/2026\/03\/07\/czym-rozni-sie-klasyczne-utrzymanie-ruchu-od-podejscia-total-productive-maintenance\/\">[1] Czym r\u00f3\u017cni si\u0119 klasyczne utrzymanie ruchu od podej\u015bcia Total Productive Maintenance<\/a><\/h2><p class=\"post-meta\"><\/p><div class=\"post-content\"><div class=\"post-content-inner\"><\/div><\/div><\/article><article class=\"et_pb_post et_pb_post_id_232446 clearfix et_pb_blog_item_0_1 post-232446 post type-post status-publish format-standard has-post-thumbnail hentry category-tpm\"><div class=\"et_pb_image_container\"><a href=\"https:\/\/zabawaztpm.pl\/index.php\/2026\/04\/11\/5-czy-wy-tez-robicie-tpm-ki\/\" class=\"entry-featured-image-url\"><img loading=\"lazy\" decoding=\"async\" src=\"https:\/\/i0.wp.com\/zabawaztpm.pl\/wp-content\/uploads\/2026\/04\/ChatGPT-Image-11-kwi-2026-o-21_21_22.png?fit=1536%2C1024&#038;ssl=1\" width=\"400\" height=\"284\" alt=\"[5] Czy wy te\u017c robicie TPM-ki?\" class=\"\" srcset=\"https:\/\/i0.wp.com\/zabawaztpm.pl\/wp-content\/uploads\/2026\/04\/ChatGPT-Image-11-kwi-2026-o-21_21_22.png?fit=1536%2C1024&amp;ssl=1 479w, https:\/\/i0.wp.com\/zabawaztpm.pl\/wp-content\/uploads\/2026\/04\/ChatGPT-Image-11-kwi-2026-o-21_21_22.png?resize=400%2C284&amp;ssl=1 480w\" sizes=\"(max-width:479px) 479px, 100vw\" \/><span data-icon=\"\ue050\" class=\"et_overlay et_pb_inline_icon\"><\/span><\/a><\/div><h2 class=\"entry-title\"><a href=\"https:\/\/zabawaztpm.pl\/index.php\/2026\/04\/11\/5-czy-wy-tez-robicie-tpm-ki\/\">[5] Czy wy te\u017c robicie TPM-ki?<\/a><\/h2><p class=\"post-meta\"><\/p><div class=\"post-content\"><div class=\"post-content-inner\"><\/div><\/div><\/article><article class=\"et_pb_post et_pb_post_id_232597 clearfix et_pb_blog_item_0_2 post-232597 post type-post status-publish format-standard has-post-thumbnail hentry category-tpm\"><div class=\"et_pb_image_container\"><a href=\"https:\/\/zabawaztpm.pl\/index.php\/2026\/04\/10\/4-dlaczego-tpm-nie-dziala-bez-kultury-organizacyjnej\/\" class=\"entry-featured-image-url\"><img loading=\"lazy\" decoding=\"async\" src=\"https:\/\/i0.wp.com\/zabawaztpm.pl\/wp-content\/uploads\/2026\/04\/ChatGPT-Image-10-kwi-2026-o-08_14_04.png?fit=1536%2C1024&#038;ssl=1\" width=\"400\" height=\"284\" alt=\"[4] Dlaczego TPM nie dzia\u0142a bez kultury organizacyjnej?\" class=\"\" srcset=\"https:\/\/i0.wp.com\/zabawaztpm.pl\/wp-content\/uploads\/2026\/04\/ChatGPT-Image-10-kwi-2026-o-08_14_04.png?fit=1536%2C1024&amp;ssl=1 479w, https:\/\/i0.wp.com\/zabawaztpm.pl\/wp-content\/uploads\/2026\/04\/ChatGPT-Image-10-kwi-2026-o-08_14_04.png?resize=400%2C284&amp;ssl=1 480w\" sizes=\"(max-width:479px) 479px, 100vw\" \/><span data-icon=\"\ue050\" class=\"et_overlay et_pb_inline_icon\"><\/span><\/a><\/div><h2 class=\"entry-title\"><a href=\"https:\/\/zabawaztpm.pl\/index.php\/2026\/04\/10\/4-dlaczego-tpm-nie-dziala-bez-kultury-organizacyjnej\/\">[4] Dlaczego TPM nie dzia\u0142a bez kultury organizacyjnej?<\/a><\/h2><p class=\"post-meta\"><\/p><div class=\"post-content\"><div class=\"post-content-inner\"><\/div><\/div><\/article><article class=\"et_pb_post et_pb_post_id_232522 clearfix et_pb_blog_item_0_3 post-232522 post type-post status-publish format-standard has-post-thumbnail hentry category-tpm\"><div class=\"et_pb_image_container\"><a href=\"https:\/\/zabawaztpm.pl\/index.php\/2026\/04\/08\/3-oto-5-rzeczy-ktore-najczesciej-niszcza-utrzymanie-ruchu-w-firmach-produkcyjnych\/\" class=\"entry-featured-image-url\"><img loading=\"lazy\" decoding=\"async\" src=\"https:\/\/i0.wp.com\/zabawaztpm.pl\/wp-content\/uploads\/2026\/04\/Obrazek.jpeg?fit=1536%2C1024&#038;ssl=1\" width=\"400\" height=\"284\" alt=\"[3] Oto 5 rzeczy, kt\u00f3re najcz\u0119\u015bciej niszcz\u0105 utrzymanie ruchu w firmach produkcyjnych\" class=\"\" srcset=\"https:\/\/i0.wp.com\/zabawaztpm.pl\/wp-content\/uploads\/2026\/04\/Obrazek.jpeg?fit=1536%2C1024&amp;ssl=1 479w, https:\/\/i0.wp.com\/zabawaztpm.pl\/wp-content\/uploads\/2026\/04\/Obrazek.jpeg?resize=400%2C284&amp;ssl=1 480w\" sizes=\"(max-width:479px) 479px, 100vw\" \/><span data-icon=\"\ue050\" class=\"et_overlay et_pb_inline_icon\"><\/span><\/a><\/div><h2 class=\"entry-title\"><a href=\"https:\/\/zabawaztpm.pl\/index.php\/2026\/04\/08\/3-oto-5-rzeczy-ktore-najczesciej-niszcza-utrzymanie-ruchu-w-firmach-produkcyjnych\/\">[3] Oto 5 rzeczy, kt\u00f3re najcz\u0119\u015bciej niszcz\u0105 utrzymanie ruchu w firmach produkcyjnych<\/a><\/h2><p class=\"post-meta\"><\/p><div class=\"post-content\"><div class=\"post-content-inner\"><\/div><\/div><\/article><article class=\"et_pb_post et_pb_post_id_232511 clearfix et_pb_blog_item_0_4 post-232511 post type-post status-publish format-standard has-post-thumbnail hentry category-tpm\"><div class=\"et_pb_image_container\"><a href=\"https:\/\/zabawaztpm.pl\/index.php\/2026\/03\/10\/2-piec-elementow-ktore-sprawiaja-ze-ludzie-nienawidza-tpm\/\" class=\"entry-featured-image-url\"><img loading=\"lazy\" decoding=\"async\" src=\"https:\/\/i0.wp.com\/zabawaztpm.pl\/wp-content\/uploads\/2026\/03\/e46bca75-9328-4138-a45c-a58198716c94.png?fit=1536%2C1024&#038;ssl=1\" width=\"400\" height=\"284\" alt=\"[2] Pi\u0119\u0107 element\u00f3w kt\u00f3re sprawiaj\u0105 \u017ce ludzie wykazuj\u0105 silny op\u00f3r wobec TPM\" class=\"\" srcset=\"https:\/\/i0.wp.com\/zabawaztpm.pl\/wp-content\/uploads\/2026\/03\/e46bca75-9328-4138-a45c-a58198716c94.png?fit=1536%2C1024&amp;ssl=1 479w, https:\/\/i0.wp.com\/zabawaztpm.pl\/wp-content\/uploads\/2026\/03\/e46bca75-9328-4138-a45c-a58198716c94.png?resize=400%2C284&amp;ssl=1 480w\" sizes=\"(max-width:479px) 479px, 100vw\" \/><span data-icon=\"\ue050\" class=\"et_overlay et_pb_inline_icon\"><\/span><\/a><\/div><h2 class=\"entry-title\"><a href=\"https:\/\/zabawaztpm.pl\/index.php\/2026\/03\/10\/2-piec-elementow-ktore-sprawiaja-ze-ludzie-nienawidza-tpm\/\">[2] Pi\u0119\u0107 element\u00f3w kt\u00f3re sprawiaj\u0105 \u017ce ludzie wykazuj\u0105 silny op\u00f3r wobec TPM<\/a><\/h2><p class=\"post-meta\"><\/p><div class=\"post-content\"><div class=\"post-content-inner\"><\/div><\/div><\/article><article class=\"et_pb_post et_pb_post_id_232366 clearfix et_pb_blog_item_0_5 post-232366 post type-post status-publish format-standard has-post-thumbnail hentry category-tpm\"><div class=\"et_pb_image_container\"><a href=\"https:\/\/zabawaztpm.pl\/index.php\/2022\/12\/21\/zawodnik-do-zadan-specjalnych\/\" class=\"entry-featured-image-url\"><img loading=\"lazy\" decoding=\"async\" src=\"https:\/\/i0.wp.com\/zabawaztpm.pl\/wp-content\/uploads\/2022\/11\/162bd9ae-e903-4aa2-8c88-1a7f768b6a7f-2.png?fit=560%2C315&#038;ssl=1\" width=\"400\" height=\"284\" alt=\"Zawodnik do zada\u0144 specjalnych\" class=\"\" srcset=\"https:\/\/i0.wp.com\/zabawaztpm.pl\/wp-content\/uploads\/2022\/11\/162bd9ae-e903-4aa2-8c88-1a7f768b6a7f-2.png?fit=560%2C315&amp;ssl=1 479w, https:\/\/i0.wp.com\/zabawaztpm.pl\/wp-content\/uploads\/2022\/11\/162bd9ae-e903-4aa2-8c88-1a7f768b6a7f-2.png?resize=400%2C284&amp;ssl=1 480w\" sizes=\"(max-width:479px) 479px, 100vw\" \/><span data-icon=\"\ue050\" class=\"et_overlay et_pb_inline_icon\"><\/span><\/a><\/div><h2 class=\"entry-title\"><a href=\"https:\/\/zabawaztpm.pl\/index.php\/2022\/12\/21\/zawodnik-do-zadan-specjalnych\/\">Zawodnik do zada\u0144 specjalnych<\/a><\/h2><p class=\"post-meta\"><\/p><div class=\"post-content\"><div class=\"post-content-inner\"><\/div><\/div><\/article><article class=\"et_pb_post et_pb_post_id_232376 clearfix et_pb_blog_item_0_6 post-232376 post type-post status-publish format-standard has-post-thumbnail hentry category-tpm\"><div class=\"et_pb_image_container\"><a href=\"https:\/\/zabawaztpm.pl\/index.php\/2022\/11\/26\/niedoceniany-fundament-doskonalenia\/\" class=\"entry-featured-image-url\"><img loading=\"lazy\" decoding=\"async\" src=\"https:\/\/i0.wp.com\/zabawaztpm.pl\/wp-content\/uploads\/2022\/12\/ecb35127-cbd6-4902-92f9-3a942833548b.png?fit=560%2C315&#038;ssl=1\" width=\"400\" height=\"284\" alt=\"Niedoceniany fundament doskonalenia\" class=\"\" srcset=\"https:\/\/i0.wp.com\/zabawaztpm.pl\/wp-content\/uploads\/2022\/12\/ecb35127-cbd6-4902-92f9-3a942833548b.png?fit=560%2C315&amp;ssl=1 479w, https:\/\/i0.wp.com\/zabawaztpm.pl\/wp-content\/uploads\/2022\/12\/ecb35127-cbd6-4902-92f9-3a942833548b.png?resize=400%2C284&amp;ssl=1 480w\" sizes=\"(max-width:479px) 479px, 100vw\" \/><span data-icon=\"\ue050\" class=\"et_overlay et_pb_inline_icon\"><\/span><\/a><\/div><h2 class=\"entry-title\"><a href=\"https:\/\/zabawaztpm.pl\/index.php\/2022\/11\/26\/niedoceniany-fundament-doskonalenia\/\">Niedoceniany fundament doskonalenia<\/a><\/h2><p class=\"post-meta\"><\/p><div class=\"post-content\"><div class=\"post-content-inner\"><\/div><\/div><\/article><article class=\"et_pb_post et_pb_post_id_232372 clearfix et_pb_blog_item_0_7 post-232372 post type-post status-publish format-standard has-post-thumbnail hentry category-tpm\"><div class=\"et_pb_image_container\"><a href=\"https:\/\/zabawaztpm.pl\/index.php\/2022\/11\/26\/zawodnik-do-zadan-strategicznych\/\" class=\"entry-featured-image-url\"><img loading=\"lazy\" decoding=\"async\" src=\"https:\/\/i0.wp.com\/zabawaztpm.pl\/wp-content\/uploads\/2022\/11\/4bf321b9-db13-413c-a6a3-871bc2bb3c6d-2.png?fit=560%2C315&#038;ssl=1\" width=\"400\" height=\"284\" alt=\"Zawodnik do zada\u0144 strategicznych\" class=\"\" srcset=\"https:\/\/i0.wp.com\/zabawaztpm.pl\/wp-content\/uploads\/2022\/11\/4bf321b9-db13-413c-a6a3-871bc2bb3c6d-2.png?fit=560%2C315&amp;ssl=1 479w, https:\/\/i0.wp.com\/zabawaztpm.pl\/wp-content\/uploads\/2022\/11\/4bf321b9-db13-413c-a6a3-871bc2bb3c6d-2.png?resize=400%2C284&amp;ssl=1 480w\" sizes=\"(max-width:479px) 479px, 100vw\" \/><span data-icon=\"\ue050\" class=\"et_overlay et_pb_inline_icon\"><\/span><\/a><\/div><h2 class=\"entry-title\"><a href=\"https:\/\/zabawaztpm.pl\/index.php\/2022\/11\/26\/zawodnik-do-zadan-strategicznych\/\">Zawodnik do zada\u0144 strategicznych<\/a><\/h2><p class=\"post-meta\"><\/p><div class=\"post-content\"><div class=\"post-content-inner\"><\/div><\/div><\/article><article class=\"et_pb_post et_pb_post_id_232369 clearfix et_pb_blog_item_0_8 post-232369 post type-post status-publish format-standard has-post-thumbnail hentry category-tpm\"><div class=\"et_pb_image_container\"><a href=\"https:\/\/zabawaztpm.pl\/index.php\/2022\/11\/26\/trupy-z-szafy-to-dla-niego-codziennosc\/\" class=\"entry-featured-image-url\"><img loading=\"lazy\" decoding=\"async\" src=\"https:\/\/i0.wp.com\/zabawaztpm.pl\/wp-content\/uploads\/2022\/11\/665b8778-ac1c-4e7e-a971-ce2e2760afff-1.png?fit=560%2C315&#038;ssl=1\" width=\"400\" height=\"284\" alt=\"Trupy z szafy to dla niego codzienno\u015b\u0107\" class=\"\" srcset=\"https:\/\/i0.wp.com\/zabawaztpm.pl\/wp-content\/uploads\/2022\/11\/665b8778-ac1c-4e7e-a971-ce2e2760afff-1.png?fit=560%2C315&amp;ssl=1 479w, https:\/\/i0.wp.com\/zabawaztpm.pl\/wp-content\/uploads\/2022\/11\/665b8778-ac1c-4e7e-a971-ce2e2760afff-1.png?resize=400%2C284&amp;ssl=1 480w\" sizes=\"(max-width:479px) 479px, 100vw\" \/><span data-icon=\"\ue050\" class=\"et_overlay et_pb_inline_icon\"><\/span><\/a><\/div><h2 class=\"entry-title\"><a href=\"https:\/\/zabawaztpm.pl\/index.php\/2022\/11\/26\/trupy-z-szafy-to-dla-niego-codziennosc\/\">Trupy z szafy to dla niego codzienno\u015b\u0107<\/a><\/h2><p class=\"post-meta\"><\/p><div class=\"post-content\"><div class=\"post-content-inner\"><\/div><\/div><\/article><article class=\"et_pb_post et_pb_post_id_232361 clearfix et_pb_blog_item_0_9 post-232361 post type-post status-publish format-standard has-post-thumbnail hentry category-tpm\"><div class=\"et_pb_image_container\"><a href=\"https:\/\/zabawaztpm.pl\/index.php\/2022\/11\/26\/prawdziwy-agent-zmiany\/\" class=\"entry-featured-image-url\"><img loading=\"lazy\" decoding=\"async\" src=\"https:\/\/i0.wp.com\/zabawaztpm.pl\/wp-content\/uploads\/2022\/11\/b4ca9015-e87a-404f-9829-7e3a37435c80-1.png?fit=560%2C315&#038;ssl=1\" width=\"400\" height=\"284\" alt=\"Prawdziwy agent zmiany\" class=\"\" srcset=\"https:\/\/i0.wp.com\/zabawaztpm.pl\/wp-content\/uploads\/2022\/11\/b4ca9015-e87a-404f-9829-7e3a37435c80-1.png?fit=560%2C315&amp;ssl=1 479w, https:\/\/i0.wp.com\/zabawaztpm.pl\/wp-content\/uploads\/2022\/11\/b4ca9015-e87a-404f-9829-7e3a37435c80-1.png?resize=400%2C284&amp;ssl=1 480w\" sizes=\"(max-width:479px) 479px, 100vw\" \/><span data-icon=\"\ue050\" class=\"et_overlay et_pb_inline_icon\"><\/span><\/a><\/div><h2 class=\"entry-title\"><a href=\"https:\/\/zabawaztpm.pl\/index.php\/2022\/11\/26\/prawdziwy-agent-zmiany\/\">Prawdziwy agent zmiany<\/a><\/h2><p class=\"post-meta\"><\/p><div class=\"post-content\"><div class=\"post-content-inner\"><\/div><\/div><\/article><article class=\"et_pb_post et_pb_post_id_232358 clearfix et_pb_blog_item_0_10 post-232358 post type-post status-publish format-standard has-post-thumbnail hentry category-tpm\"><div class=\"et_pb_image_container\"><a href=\"https:\/\/zabawaztpm.pl\/index.php\/2022\/11\/25\/ostanie-slowo-nalezy-do-niego\/\" class=\"entry-featured-image-url\"><img loading=\"lazy\" decoding=\"async\" src=\"https:\/\/i0.wp.com\/zabawaztpm.pl\/wp-content\/uploads\/2022\/11\/99a0331d-3ee2-4a0b-b993-f27633e407fd.png?fit=560%2C315&#038;ssl=1\" width=\"400\" height=\"284\" alt=\"Ostanie s\u0142owo nale\u017cy do niego\" class=\"\" srcset=\"https:\/\/i0.wp.com\/zabawaztpm.pl\/wp-content\/uploads\/2022\/11\/99a0331d-3ee2-4a0b-b993-f27633e407fd.png?fit=560%2C315&amp;ssl=1 479w, https:\/\/i0.wp.com\/zabawaztpm.pl\/wp-content\/uploads\/2022\/11\/99a0331d-3ee2-4a0b-b993-f27633e407fd.png?resize=400%2C284&amp;ssl=1 480w\" sizes=\"(max-width:479px) 479px, 100vw\" \/><span data-icon=\"\ue050\" class=\"et_overlay et_pb_inline_icon\"><\/span><\/a><\/div><h2 class=\"entry-title\"><a href=\"https:\/\/zabawaztpm.pl\/index.php\/2022\/11\/25\/ostanie-slowo-nalezy-do-niego\/\">Ostanie s\u0142owo nale\u017cy do niego<\/a><\/h2><p class=\"post-meta\"><\/p><div class=\"post-content\"><div class=\"post-content-inner\"><\/div><\/div><\/article><article class=\"et_pb_post et_pb_post_id_232197 clearfix et_pb_blog_item_0_11 post-232197 post type-post status-publish format-standard has-post-thumbnail hentry category-tpm tag-zabawaztpm\"><div class=\"et_pb_image_container\"><a href=\"https:\/\/zabawaztpm.pl\/index.php\/2022\/09\/02\/total-productive-maintenance\/\" class=\"entry-featured-image-url\"><img loading=\"lazy\" decoding=\"async\" src=\"https:\/\/i0.wp.com\/zabawaztpm.pl\/wp-content\/uploads\/2022\/06\/9d23fc8b-dda0-4466-bc95-2f82ebbfe59b.png?fit=560%2C316&#038;ssl=1\" width=\"400\" height=\"284\" alt=\"Total Productive Maintenance\" class=\"\" srcset=\"https:\/\/i0.wp.com\/zabawaztpm.pl\/wp-content\/uploads\/2022\/06\/9d23fc8b-dda0-4466-bc95-2f82ebbfe59b.png?fit=560%2C316&amp;ssl=1 479w, https:\/\/i0.wp.com\/zabawaztpm.pl\/wp-content\/uploads\/2022\/06\/9d23fc8b-dda0-4466-bc95-2f82ebbfe59b.png?resize=400%2C284&amp;ssl=1 480w\" sizes=\"(max-width:479px) 479px, 100vw\" \/><span data-icon=\"\ue050\" class=\"et_overlay et_pb_inline_icon\"><\/span><\/a><\/div><h2 class=\"entry-title\"><a href=\"https:\/\/zabawaztpm.pl\/index.php\/2022\/09\/02\/total-productive-maintenance\/\">Total Productive Maintenance<\/a><\/h2><p class=\"post-meta\"><\/p><div class=\"post-content\"><div class=\"post-content-inner\"><\/div><\/div><\/article><article class=\"et_pb_post et_pb_post_id_231929 clearfix et_pb_blog_item_0_12 post-231929 post type-post status-publish format-standard has-post-thumbnail hentry category-tpm tag-zabawaztpm\"><div class=\"et_pb_image_container\"><a href=\"https:\/\/zabawaztpm.pl\/index.php\/2022\/06\/28\/poprawa-sprzetu-i-procesu\/\" class=\"entry-featured-image-url\"><img loading=\"lazy\" decoding=\"async\" src=\"https:\/\/i0.wp.com\/zabawaztpm.pl\/wp-content\/uploads\/2022\/07\/65435c33-9aa6-4646-9b70-885e29ef800e.png?fit=560%2C316&#038;ssl=1\" width=\"400\" height=\"284\" alt=\"Poprawa sprz\u0119tu i procesu\" class=\"\" srcset=\"https:\/\/i0.wp.com\/zabawaztpm.pl\/wp-content\/uploads\/2022\/07\/65435c33-9aa6-4646-9b70-885e29ef800e.png?fit=560%2C316&amp;ssl=1 479w, https:\/\/i0.wp.com\/zabawaztpm.pl\/wp-content\/uploads\/2022\/07\/65435c33-9aa6-4646-9b70-885e29ef800e.png?resize=400%2C284&amp;ssl=1 480w\" sizes=\"(max-width:479px) 479px, 100vw\" \/><span data-icon=\"\ue050\" class=\"et_overlay et_pb_inline_icon\"><\/span><\/a><\/div><h2 class=\"entry-title\"><a href=\"https:\/\/zabawaztpm.pl\/index.php\/2022\/06\/28\/poprawa-sprzetu-i-procesu\/\">Poprawa sprz\u0119tu i procesu<\/a><\/h2><p class=\"post-meta\"><\/p><div class=\"post-content\"><div class=\"post-content-inner\"><\/div><\/div><\/article><article class=\"et_pb_post et_pb_post_id_231921 clearfix et_pb_blog_item_0_13 post-231921 post type-post status-publish format-standard has-post-thumbnail hentry category-tpm tag-zabawaztpm\"><div class=\"et_pb_image_container\"><a href=\"https:\/\/zabawaztpm.pl\/index.php\/2022\/06\/28\/quality-management\/\" class=\"entry-featured-image-url\"><img loading=\"lazy\" decoding=\"async\" src=\"https:\/\/i0.wp.com\/zabawaztpm.pl\/wp-content\/uploads\/2022\/06\/b14191cf-ed35-4f03-b047-49f9d507d192.png?fit=560%2C316&#038;ssl=1\" width=\"400\" height=\"284\" alt=\"Quality Management\" class=\"\" srcset=\"https:\/\/i0.wp.com\/zabawaztpm.pl\/wp-content\/uploads\/2022\/06\/b14191cf-ed35-4f03-b047-49f9d507d192.png?fit=560%2C316&amp;ssl=1 479w, https:\/\/i0.wp.com\/zabawaztpm.pl\/wp-content\/uploads\/2022\/06\/b14191cf-ed35-4f03-b047-49f9d507d192.png?resize=400%2C284&amp;ssl=1 480w\" sizes=\"(max-width:479px) 479px, 100vw\" \/><span data-icon=\"\ue050\" class=\"et_overlay et_pb_inline_icon\"><\/span><\/a><\/div><h2 class=\"entry-title\"><a href=\"https:\/\/zabawaztpm.pl\/index.php\/2022\/06\/28\/quality-management\/\">Quality Management<\/a><\/h2><p class=\"post-meta\"><\/p><div class=\"post-content\"><div class=\"post-content-inner\"><\/div><\/div><\/article><article class=\"et_pb_post et_pb_post_id_231914 clearfix et_pb_blog_item_0_14 post-231914 post type-post status-publish format-standard has-post-thumbnail hentry category-tpm tag-zabawaztpm\"><div class=\"et_pb_image_container\"><a href=\"https:\/\/zabawaztpm.pl\/index.php\/2022\/06\/28\/autonomous-maintenance\/\" class=\"entry-featured-image-url\"><img loading=\"lazy\" decoding=\"async\" src=\"https:\/\/i0.wp.com\/zabawaztpm.pl\/wp-content\/uploads\/2022\/06\/fcba6234-97c3-455e-b620-64b128eabd95.png?fit=560%2C316&#038;ssl=1\" width=\"400\" height=\"284\" alt=\"Autonomous Maintenance\" class=\"\" srcset=\"https:\/\/i0.wp.com\/zabawaztpm.pl\/wp-content\/uploads\/2022\/06\/fcba6234-97c3-455e-b620-64b128eabd95.png?fit=560%2C316&amp;ssl=1 479w, https:\/\/i0.wp.com\/zabawaztpm.pl\/wp-content\/uploads\/2022\/06\/fcba6234-97c3-455e-b620-64b128eabd95.png?resize=400%2C284&amp;ssl=1 480w\" sizes=\"(max-width:479px) 479px, 100vw\" \/><span data-icon=\"\ue050\" class=\"et_overlay et_pb_inline_icon\"><\/span><\/a><\/div><h2 class=\"entry-title\"><a href=\"https:\/\/zabawaztpm.pl\/index.php\/2022\/06\/28\/autonomous-maintenance\/\">Autonomous Maintenance<\/a><\/h2><p class=\"post-meta\"><\/p><div class=\"post-content\"><div class=\"post-content-inner\"><\/div><\/div><\/article><article class=\"et_pb_post et_pb_post_id_231916 clearfix et_pb_blog_item_0_15 post-231916 post type-post status-publish format-standard has-post-thumbnail hentry category-tpm\"><div class=\"et_pb_image_container\"><a href=\"https:\/\/zabawaztpm.pl\/index.php\/2022\/06\/28\/total-productive-maintenance-2\/\" class=\"entry-featured-image-url\"><img loading=\"lazy\" decoding=\"async\" src=\"https:\/\/i0.wp.com\/zabawaztpm.pl\/wp-content\/uploads\/2022\/06\/9d23fc8b-dda0-4466-bc95-2f82ebbfe59b.png?fit=560%2C316&#038;ssl=1\" width=\"400\" height=\"284\" alt=\"Total Productive Maintenance\" class=\"\" srcset=\"https:\/\/i0.wp.com\/zabawaztpm.pl\/wp-content\/uploads\/2022\/06\/9d23fc8b-dda0-4466-bc95-2f82ebbfe59b.png?fit=560%2C316&amp;ssl=1 479w, https:\/\/i0.wp.com\/zabawaztpm.pl\/wp-content\/uploads\/2022\/06\/9d23fc8b-dda0-4466-bc95-2f82ebbfe59b.png?resize=400%2C284&amp;ssl=1 480w\" sizes=\"(max-width:479px) 479px, 100vw\" \/><span data-icon=\"\ue050\" class=\"et_overlay et_pb_inline_icon\"><\/span><\/a><\/div><h2 class=\"entry-title\"><a href=\"https:\/\/zabawaztpm.pl\/index.php\/2022\/06\/28\/total-productive-maintenance-2\/\">Total Productive Maintenance<\/a><\/h2><p class=\"post-meta\"><\/p><div class=\"post-content\"><div class=\"post-content-inner\"><\/div><\/div><\/article><article class=\"et_pb_post et_pb_post_id_231664 clearfix et_pb_blog_item_0_16 post-231664 post type-post status-publish format-standard has-post-thumbnail hentry category-bez-kategorii category-lean category-tpm\"><div class=\"et_pb_image_container\"><a href=\"https:\/\/zabawaztpm.pl\/index.php\/2021\/12\/28\/jak-policzyc-oszczednosci-z-wdrozenia-lean\/\" class=\"entry-featured-image-url\"><img loading=\"lazy\" decoding=\"async\" src=\"https:\/\/i0.wp.com\/zabawaztpm.pl\/wp-content\/uploads\/2022\/06\/f7538b2c-6598-4b93-a200-760b7f024b6b.png?fit=560%2C316&#038;ssl=1\" width=\"400\" height=\"284\" alt=\"Jak policzy\u0107 oszcz\u0119dno\u015bci z wdro\u017cenia Lean?\" class=\"\" srcset=\"https:\/\/i0.wp.com\/zabawaztpm.pl\/wp-content\/uploads\/2022\/06\/f7538b2c-6598-4b93-a200-760b7f024b6b.png?fit=560%2C316&amp;ssl=1 479w, https:\/\/i0.wp.com\/zabawaztpm.pl\/wp-content\/uploads\/2022\/06\/f7538b2c-6598-4b93-a200-760b7f024b6b.png?resize=400%2C284&amp;ssl=1 480w\" sizes=\"(max-width:479px) 479px, 100vw\" \/><span data-icon=\"\ue050\" class=\"et_overlay et_pb_inline_icon\"><\/span><\/a><\/div><h2 class=\"entry-title\"><a href=\"https:\/\/zabawaztpm.pl\/index.php\/2021\/12\/28\/jak-policzyc-oszczednosci-z-wdrozenia-lean\/\">Jak policzy\u0107 oszcz\u0119dno\u015bci z wdro\u017cenia Lean?<\/a><\/h2><p class=\"post-meta\"><\/p><div class=\"post-content\"><div class=\"post-content-inner\"><\/div><\/div><\/article><\/div><div class=\"pagination clearfix\">\n\t<div class=\"alignleft\"><\/div>\n\t<div class=\"alignright\"><\/div>\n<\/div><\/div><\/div>\n<\/div>\n<\/div>\n<\/div>\n\n<div class=\"et_pb_section_2 et_pb_section et_section_regular et_block_section\">\n<div class=\"et_pb_row_2 et_pb_row et_block_row\">\n<div class=\"et_pb_column_2 et_pb_column et_pb_column_4_4 et-last-child et_block_column et_pb_css_mix_blend_mode_passthrough\">\n<div class=\"et_pb_module et_pb_button_module_wrapper et_pb_button_0_wrapper\"><a class=\"et_pb_button_0 et_pb_button et_pb_bg_layout_light et_animated et_pb_module et_block_module\" href=\"https:\/\/zabawaztpm.pl\" data-icon=\"H\">Powr\u00f3t do strony g\u0142\u00f3wnej<\/a><\/div>\n<\/div>\n<\/div>\n<\/div><span class=\"et_bloom_bottom_trigger\"><\/span>","protected":false},"excerpt":{"rendered":"","protected":false},"author":1,"featured_media":0,"parent":0,"menu_order":0,"comment_status":"closed","ping_status":"closed","template":"","meta":{"footnotes":""},"class_list":["post-78","page","type-page","status-publish","hentry"],"jetpack-related-posts":[{"id":96,"url":"https:\/\/zabawaztpm.pl\/","url_meta":{"origin":78,"position":0},"title":"Strona g\u0142\u00f3wna","author":"admin","date":"10 pa\u017adziernika 2021","format":false,"excerpt":"","rel":"","context":"Podobny wpis","block_context":{"text":"Podobny wpis","link":""},"img":{"alt_text":"","src":"","width":0,"height":0},"classes":[]},{"id":29,"url":"https:\/\/zabawaztpm.pl\/index.php\/cennik\/","url_meta":{"origin":78,"position":1},"title":"Lista szkole\u0144","author":"admin","date":"9 pa\u017adziernika 2021","format":false,"excerpt":"","rel":"","context":"Podobny wpis","block_context":{"text":"Podobny wpis","link":""},"img":{"alt_text":"","src":"","width":0,"height":0},"classes":[]}],"jetpack_likes_enabled":true,"jetpack_sharing_enabled":true,"_links":{"self":[{"href":"https:\/\/zabawaztpm.pl\/index.php\/wp-json\/wp\/v2\/pages\/78","targetHints":{"allow":["GET"]}}],"collection":[{"href":"https:\/\/zabawaztpm.pl\/index.php\/wp-json\/wp\/v2\/pages"}],"about":[{"href":"https:\/\/zabawaztpm.pl\/index.php\/wp-json\/wp\/v2\/types\/page"}],"author":[{"embeddable":true,"href":"https:\/\/zabawaztpm.pl\/index.php\/wp-json\/wp\/v2\/users\/1"}],"replies":[{"embeddable":true,"href":"https:\/\/zabawaztpm.pl\/index.php\/wp-json\/wp\/v2\/comments?post=78"}],"version-history":[{"count":13,"href":"https:\/\/zabawaztpm.pl\/index.php\/wp-json\/wp\/v2\/pages\/78\/revisions"}],"predecessor-version":[{"id":232637,"href":"https:\/\/zabawaztpm.pl\/index.php\/wp-json\/wp\/v2\/pages\/78\/revisions\/232637"}],"wp:attachment":[{"href":"https:\/\/zabawaztpm.pl\/index.php\/wp-json\/wp\/v2\/media?parent=78"}],"curies":[{"name":"wp","href":"https:\/\/api.w.org\/{rel}","templated":true}]}}